s) = s - 8. Let v(a) = -3*a + 17. Let r(g) = q*d(g) + 3*v(g). List the prime factors of r(-6).
7
Let i = -29 + 61. What are the prime factors of i?
2
Let n = 25 + -18. What are the prime factors of n?
7
Let i = 10 - 6. Suppose -i*p - 6 = 14. Let n = p + 8. List the prime factors of n.
3
Let p(j) = 3*j**2 - 5*j + 1. List the prime factors of p(-5).
101
Let l(d) = 34*d + 2. What are the prime factors of l(2)?
2, 5, 7
Let a be (2/(-5))/(4/20). Let b be (0 - (a + 2))/2. What are the prime factors of (-18)/((-3)/1) + b?
2, 3
Let z(n) be the third derivative of 11*n**5/60 - 3*n**2. List the prime factors of z(-1).
11
Suppose -4*j + j = -72. Suppose 4*y - j = -0*y. What are the prime factors of y?
2, 3
Suppose -56 - 20 = 2*j. What are the prime factors of (j/(-4))/((-1)/(-2))?
19
Suppose -r - 16 + 91 = -2*k, -2*k - 233 = -3*r. What are the prime factors of r?
79
Let r(x) = -x**3 - x**2 + 28. List the prime factors of r(0).
2, 7
Suppose -137 = -5*k - 5*c + 8*c, c - 121 = -5*k. What are the prime factors of k?
5
Suppose -4*i + 0 = 8. What are the prime factors of i/3 + 40/15?
2
Let b(v) = 10*v**3 - 4*v**2 + 3*v - 2. Let c be b(2). Suppose -10*s - c = -12*s. List the prime factors of s.
2, 17
Suppose 92 = 4*o - 56. List the prime factors of o.
37
List the prime factors of (0 - -1)/(2/26).
13
Let j(z) = z**3 - 7*z**2 + 7*z - 4. Let c be j(6). Let f(k) = -k**2 + 10*k - 2. Let g be f(9). Let q = g - c. List the prime factors of q.
5
Suppose 5*b + 0*b - 455 = -5*v, 2*v - 4*b = 152. What are the prime factors of v?
2, 43
Let c = -18 + 25. Suppose -2*q - 2*a = 5 + c, -2*q - 5*a = 24. List the prime factors of 5/2*(q + 4).
5
Suppose 3*b = -r + 6, 2*b - 6*b + 32 = 4*r. List the prime factors of 138/r*(-12)/(-8).
23
List the prime factors of (-60)/8*(34/(-3))/1.
5, 17
Let f(l) be the first derivative of -l**4/4 - l**2/2 - 3*l + 3. Let j be f(0). List the prime factors of (-2)/j - 16/(-3).
2, 3
Let x be 6*(28/8 - 3). Suppose -9 = x*u - 24. What are the prime factors of u?
5
Suppose 4*f - 3*i - 2*i + 37 = 0, -f + 17 = 4*i. Let l be -1 - (12/f)/2. What are the prime factors of (-21)/(-3) - (0 + l)?
2, 3
Suppose -4*f = -9*f - 10, 0 = -3*c + 4*f - 58. Let p = c - -15. Let w = 10 + p. What are the prime factors of w?
3
Let v be 12/30 + (-64)/10. Let m(n) = n**3 - 8*n**2 - 8*n - 12. Let c be m(9). Let s = c - v. List the prime factors of s.
3
Suppose -f = -5*n + 1, -1 = -2*f - 4*n + 11. Suppose -2*w + 16 + 46 = j, 0 = f*w - j - 136. What are the prime factors of w?
3, 11
Suppose 129 = 3*p - 2*p. Let d = -74 + p. List the prime factors of d.
5, 11
Suppose 0*u - 3*s = -u + 78, -4*u + 267 = 3*s. What are the prime factors of u?
3, 23
Suppose 0 = -4*y - 6 + 14. Let c = 18 - y. List the prime factors of c.
2
Let l = 5 + -3. Suppose -x - 59 = 4*c, l*c + 8 + 8 = 4*x. Let o = 26 + c. List the prime factors of o.
2, 3
Let j be (-81)/4 - 3/(-12). Let s = j + 28. Let d = s - 1. What are the prime factors of d?
7
Suppose 33 = 5*m - 3*g, -4*g = 3*m - 18 + 4. Let y = -3 + m. List the prime factors of y.
3
Let m be (-3)/(-9) + 65/3. Let x = -11 + m. What are the prime factors of x?
11
What are the prime factors of ((-1)/2)/(3/(-264))?
2, 11
What are the prime factors of ((-5)/(-3) + -1)/(138/81351)?
3, 131
Suppose 0 = -0*t - 4*t + 40. Suppose 2*k + 2*k = -3*p - t, 0 = -4*p - 2*k. Suppose -2*d = -r + 22, d + 18 = p*r - 17. List the prime factors of r.
2
Let t(h) = -6*h**2 + 6*h + 8. Suppose -5 - 10 = -3*v. Let q(k) = -5*k**2 + 5*k + 7. Let a(p) = v*q(p) - 4*t(p). What are the prime factors of a(0)?
3
Let i = 5 + -2. Let r(o) be the first derivative of 2*o**3/3 - o**2 - 2*o + 1. List the prime factors of r(i).
2, 5
Let q be 30*(14/(-10) - -1). Let r = q - -17. Suppose r*d - 18 - 82 = 0. List the prime factors of d.
2, 5
Suppose 46 = 3*w - 32. Let q = w + -3. List the prime factors of q.
23
Let y(p) = p - 12. Let h(m) = m - 12. Let u(d) = -7*h(d) + 6*y(d). Suppose -b - 2*b = -15. List the prime factors of u(b).
7
Let y(r) = -r**3 - 5*r**2 + 5*r - 1. Let l be y(-6). Suppose 2*t = l*h - 3, 3*t + 16 = 4*t + h. Suppose t = 4*z - 5. What are the prime factors of z?
2
What are the prime factors of 4/(-1)*200/(-10)?
2, 5
Suppose 0*x = -5*x + 250. Suppose -2*s = -140 + x. List the prime factors of s.
3, 5
Suppose -3*v = 2*w - 19 + 5, -v + 3*w = -23. What are the prime factors of ((-132)/8)/((-6)/v)?
2, 11
Let v = -3 + 4. Suppose z - 2*z + 2*w = -v, -w = 4. Let g = -1 - z. What are the prime factors of g?
2, 3
Let t = -9 - 12. Let j = 1 + t. Let f = j - -32. List the prime factors of f.
2, 3
Let t = 8 - 6. Suppose -5*i + 230 = 3*p + t*p, i + 2*p = 50. Suppose s = 4*s - 2*g - i, -3*g = -3*s + 42. What are the prime factors of s?
2, 7
Suppose 13 = -0*l + l. Let s = 27 + l. What are the prime factors of s?
2, 5
Suppose 0 = -5*r + k + 33, -5*r - k + 40 = 3. What are the prime factors of r?
7
List the prime factors of -4 + 55 + 1 + 0.
2, 13
Let l = -7 - -2. Let r(v) = -v**2 - 9*v. What are the prime factors of r(l)?
2, 5
Let u(k) = -k + 1. Let h(o) = -o. Let i(s) = 5*h(s) + u(s). Let c be ((2 - 2) + -1)*1. What are the prime factors of i(c)?
7
Suppose 0 = -4*a + 4*n + 28, -5*a - 3*n + 21 = -n. Suppose -3*g = a*j + 76 + 16, 4*j - 2*g = -56. What are the prime factors of (-4)/j - 38/(-8)?
5
Let d(x) = x**3 - 8*x**2 + 11*x - 12. List the prime factors of d(7).
2
Let v(u) = 78*u**2 - 76*u**2 - 14*u + 4*u + 10. List the prime factors of v(6).
2, 11
Let i(d) = -d**3 - 2*d**2 + 2*d - 3. Let o be i(-3). Let k be (-2)/(o + -4)*-18. What are the prime factors of 2 + (-2 + 4 - k)?
13
Let i(a) be the second derivative of -a**3 - 3*a**2/2 + 3*a. What are the prime factors of i(-3)?
3, 5
Suppose a + 4 = -1. Let y(q) be the first derivative of q**2/2 + 11*q - 10. What are the prime factors of y(a)?
2, 3
Let n be (16/28)/(4/14). Suppose 0 = p + 2*p + 2*d - 23, -n*d + 37 = 5*p. Suppose -4*z = -3*z - p. List the prime factors of z.
7
Suppose 3*o = 3*u + 2*u + 22, -4*o - 5*u = -6. Suppose 5*h + 6 = j + h, o*h = -2*j. Suppose -s + 6 = -j*f, 5 = f - 6*f. List the prime factors of s.
2
Let n(g) = -g + 7. Let c be n(-5). Suppose 2*i + 0*i - c = 0. What are the prime factors of i?
2, 3
Let i(z) = 9*z - 4. What are the prime factors of i(4)?
2
Suppose 0 = -w + 2*w. Suppose 4*s = w, 2*r - 5 - 1 = -5*s. List the prime factors of r/12 + 39/4.
2, 5
Suppose 2 = s + 2*p + 4, -4*s - 2*p = 14. What are the prime factors of (-412)/(-16) - 1/s?
2, 13
Let q(a) = -6 - 3 + 3*a + 1. Let j = -3 - -10. What are the prime factors of q(j)?
13
Let f(j) = j**2 + 8*j + 8. Let w be f(-10). Suppose 0*h - w = -4*h - m, 5*h + 2*m = 32. What are the prime factors of h?
2
Suppose q + 8 - 37 = -j, -j = -5*q + 115. Let r be (q/(-18))/((-1)/(-3)). List the prime factors of (-30)/4*r/3.
2, 5
Let b be (-3 - -4) + -8 - 1. Let l(o) = -o**3 - 7*o**2 + 7*o - 6. What are the prime factors of l(b)?
2
Let a = 6 + -13. Let k = a + 12. List the prime factors of k.
5
Let r be 1/2*-1*0. Let y = r - -3. What are the prime factors of -3*(0 + -1*y)?
3
Let s = 4 - 0. Suppose -s*t + 3 = 11. List the prime factors of (-12)/(t/(12/9)).
2
Let g(b) = b + 10. Let i be 6/(-2)*(-30)/(-9). Let x be g(i). Suppose -3*r + 6 = -x*r. What are the prime factors of r?
2
Suppose -3*w - 172 = -667. List the prime factors of w.
3, 5, 11
Suppose 0*c + 3*c = 108. What are the prime factors of c?
2, 3
Let h(m) be the third derivative of m**6/120 + 3*m**5/20 + 5*m**4/12 + 4*m**3/3 - 3*m**2. What are the prime factors of h(-7)?
2, 3
Let r(z) be the second derivative of z**5/20 + z**4/3 + z**3/3 + 3*z**2/2 - 3*z. List the prime factors of r(-3).
2, 3
Suppose h = 3, -2*x - h = -0*h - 75. Suppose 7*y - 4*y - x = 0. What are the prime factors of y?
2, 3
Let b(w) = -w**3 - 7*w**2 - 5*w + 8. Let s be b(-6). Let z be 1*(2 + s/(-1)). Let m = z - -11. What are the prime factors of m?
11
Suppose 4*b = 4*c - 172, -c - b = 4*b - 19. Suppose w - c + 15 = 0. What are the prime factors of w?
2, 3
Let y(a) = a**3 + 16*a**2 - 19*a + 2. What are the prime factors of y(-17)?
2, 3
Suppose 21 + 195 = 3*h. What are the prime factors of h?
2, 3
Suppose -19 = -5*d + f, -7 + 2 = 5*d + 5*f. Suppose -5*o - 7 = -d*k + 35, 4*o = -3*k - 12. What are the prime factors of -5*(o/3)/2?
5
Let q(s) = 10*s + 3. List the prime